/(-102))/((-2)/1812).
7, 151
Let a = 2018 + -879. What are the prime factors of a?
17, 67
Let w(y) = -y**3 - 9*y**2 - 30*y - 12. What are the prime factors of w(-7)?
2, 5
Let w(f) = f - 8. Let t(h) = 5*h - 41. Let x(s) = 2*t(s) - 11*w(s). What are the prime factors of x(-8)?
2, 7
Suppose 0 = -5*g + 2*l + 6053, -5*l = -g - 10*l + 1189. List the prime factors of g.
3, 13, 31
Suppose -230*l + 222*l = -3312. What are the prime factors of l?
2, 3, 23
Suppose 101*j = 109*j - 9416. What are the prime factors of j?
11, 107
Let t be (-9)/4 - (-1)/4. Let a(j) = -3*j**3 - 2*j**2 - 2*j + 2. Let b be a(t). Suppose -4*w = 3*s + b - 88, 9 = w - 3*s. List the prime factors of w.
3, 5
Let v = 2506 - 2055. What are the prime factors of v?
11, 41
Let f(w) = w**2 - 6*w - 8. Let z be f(7). Let s be (-3)/(-3 + 0) - z. Suppose 17 = -v + s*v. What are the prime factors of v?
17
Let s be (-4)/(-14) - (-847)/(-49). Let j = -14 - s. List the prime factors of j.
3
Let q(k) = 7*k - 233. Let w be q(0). Let u = 421 + w. List the prime factors of u.
2, 47
Let x be -1*(-29 - 0/(-2)). Let o be 1/((-29)/26 - -1)*3. Let g = o + x. What are the prime factors of g?
3
Suppose 6 = 4*d - 10, 0 = -4*j + 2*d + 364. List the prime factors of j.
3, 31
Let t(l) = -5*l**2 + 3. Let p(w) = -w**2 + 1. Let s(y) = -4*p(y) + t(y). Let g be s(-3). Let a = g - -20. List the prime factors of a.
2, 5
Let h(y) = -20*y - 148. List the prime factors of h(-11).
2, 3
Let l(n) = 123*n**3 + 2*n**2 + n - 9. What are the prime factors of l(2)?
5, 197
Let u = -8 + 6. Let m = 1 - u. Suppose -g = m*g - 104. What are the prime factors of g?
2, 13
What are the prime factors of -7 - (3/((-6)/8182) + -5)?
3, 29, 47
Suppose -2*v - 4*y = 88, -v + 1 - 21 = -4*y. Let d = 62 + v. What are the prime factors of d?
2, 13
List the prime factors of 42*(-5)/((-60)/712).
2, 7, 89
Suppose 180*w - 179*w - 3307 = 0. What are the prime factors of w?
3307
Let a(p) = -2 + p**2 + 3 + 0 - 2. Let c(y) = -y**3 + 8*y**2 + y - 5. Let n(z) = -3*a(z) + c(z). What are the prime factors of n(4)?
2, 3
Let f = -1 + 12. Let j(x) = 9*x + 3. Let k be j(f). Let g = k - 71. List the prime factors of g.
31
Let m be (-7336)/40 - 6/10. What are the prime factors of (m/48)/(1/(-6))?
23
Let x be 8/12 + (-800)/(-15). Suppose 2*p + p - 147 = i, -2*i - x = -p. List the prime factors of p.
2, 3
Let n = -3 - -5. Suppose -2*o = 5*v - 5, -n*v - 2*o + 4 = 2*v. Let k = v - -2. What are the prime factors of k?
3
Suppose -17*b = -46*b + 13398. What are the prime factors of b?
2, 3, 7, 11
Suppose -3*z + 38 = -0*r + r, -2*z + 114 = 3*r. Let w = 28 - r. What are the prime factors of 135/w*4/(-3)?
2, 3
Let u(z) = -z**3 + 2*z**2 - z + 5. Let x be u(0). Let h(w) = 6*w - 13. What are the prime factors of h(x)?
17
Let d = -252 - -2202. List the prime factors of d.
2, 3, 5, 13
Let l be (2/3)/(6/(-63)). Let i = 12 + l. Suppose -116 = -4*m - 2*d + 4*d, i*d = -m + 51. List the prime factors of m.
31
List the prime factors of (-26)/(-156) + 497/6.
83
Let x(n) = -n**2 - 10*n - 4. Let y = 25 + -32. What are the prime factors of x(y)?
17
Let o(a) = 475*a + 397. What are the prime factors of o(6)?
17, 191
Suppose 5*w + 32 = 9*w. What are the prime factors of (46/w)/((-9)/(-396))?
11, 23
Let f(z) = z**3 - 8*z**2 + z + 7. Let o be 21/18 - (-2)/(-12). Let i = 9 - o. List the prime factors of f(i).
3, 5
Let p(q) = -6*q - 12. Suppose 4*v - 3*n + 24 = v, 0 = -4*n + 8. Let d = 1 + v. List the prime factors of p(d).
2, 3
Suppose -54684 = -7*f - 29*f. List the prime factors of f.
7, 31
Let h(k) = 1 + 2*k + 4*k**2 - 4*k + k. Let p be h(2). List the prime factors of 3 - p/(0 + -3).
2
Let r be 2 + -3 + -1 + 2. Suppose -74 = -6*d + 2*d + s, r = 3*d + 5*s - 67. Suppose d = f - 16. What are the prime factors of f?
5, 7
Let a(n) = -n**2 + 4*n + 1. Suppose r = 9 - 6. Let z be a(r). Suppose 3*u = z*u + 2*c - 6, -3*u + 8 = -4*c. List the prime factors of u.
2
Suppose 2*r + 5 = 7*r, -2*g + r = 37. Suppose -4*j = 16, 4*j - 8 + 44 = -5*l. List the prime factors of -3 + 0 - (g - l).
11
Suppose -5*p + 3*n = -291 - 174, -2*p + 2*n = -182. Let o be 8/12 + 11*(-1)/3. List the prime factors of p*((-45)/(-12) + o).
2, 3
Let n(k) = 10*k**2 + k - 2 - 9*k**2 + 6*k**2. List the prime factors of n(3).
2
Suppose 3*w = 4*w + 5*d - 1020, 0 = w + 4*d - 1019. List the prime factors of w.
5, 7, 29
Suppose 3*b + 29*b = 65856. List the prime factors of b.
2, 3, 7
Let x(q) = 489*q - 82. What are the prime factors of x(3)?
5, 277
Let o = 19 - -7. Let w = o - 24. Suppose -60 = -w*t - 4*b, -3*t + 2*t - b + 30 = 0. List the prime factors of t.
2, 3, 5
Suppose -2*k - 32 = -5*b - 10, 0 = -3*b - 4*k + 8. Let i = b + 39. What are the prime factors of i?
43
Suppose 12165 = 9*l - 219. List the prime factors of l.
2, 43
Let q(f) = -f**3 - 8*f**2 + 8*f - 9. Let h be q(-9). Suppose v = -h*v - 15. Let b = v - -20. List the prime factors of b.
5
Let v = 208 + -149. Let h = -17 + v. List the prime factors of h.
2, 3, 7
What are the prime factors of -8 + 2 + (-1324)/(-4)?
5, 13
Suppose 3*c - c - 76 = 0. Suppose -4*y + 152 = -p, y - 5 = -p + c. What are the prime factors of y?
3, 13
Suppose -6 = -5*z + 4. List the prime factors of z.
2
Let v(b) = -b - 1. Let u(d) = d - 2. Let a be (-65)/10 - 2/(-4). Let c be u(a). List the prime factors of v(c).
7
Suppose g + 0*g = 0. Suppose g = -2*c - s + 2, -c + 3*s + 15 = -0*s. What are the prime factors of c/9 - (-47)/3?
2
Let u be (10 - -38)*(-138)/(-8). Suppose 5*g - u = -68. List the prime factors of (0 + 1)/(8/g).
19
Suppose 2*o - 3*o + 2 = 0. Let n(x) = o + x**2 - 3 - 4*x + 2. List the prime factors of n(-3).
2, 11
Suppose -5*a + 74 = 3*m - 4*m, -4*a = -5*m - 412. Let g = 107 - -12. Let y = g + m. What are the prime factors of y?
5, 7
Let k(m) be the third derivative of m**6/120 + m**5/20 - m**4/24 - m**3/3 - 2*m**2. Suppose -2*r + 6 = 2*s, -4*r - 2*s + 4 = -6. List the prime factors of k(r).
2
Let c = 983 + -470. What are the prime factors of c?
3, 19
Suppose -5*v - 3*i + i = -36, -5*i + 21 = v. What are the prime factors of (v/8)/(15/2460)?
3, 41
Suppose -39*g = -6837 - 11922. What are the prime factors of g?
13, 37
Suppose -4*l + 97 = -23. Let k = l + -28. Let w(m) = 12*m**2 - m - 1. List the prime factors of w(k).
3, 5
Suppose 13234 = 8*n + 218. What are the prime factors of n?
1627
Suppose 2*h - 3*j = 87, -51 = -0*h - h - j. Suppose 6*z = h - 0. List the prime factors of z.
2
Suppose 2*l = -5*r + 98, -3*l = -0*r + 2*r - 158. Suppose v + l = 2*v. List the prime factors of v.
2, 3
Let u(i) = i - 2. Let h be u(2). Suppose -2*z + 76 = -h*z - 2*r, 5*z - 3*r - 188 = 0. What are the prime factors of z?
37
Let g(n) = 61*n - 11. Let p be g(6). Suppose 2*d - 209 = p. List the prime factors of d.
2, 3, 47
Suppose -i = i - 10. Suppose 35 = -10*n + i*n. What are the prime factors of 3231/63 + 2/n?
3, 17
Let r(w) = 3*w**2 - 4*w - 40. List the prime factors of r(-19).
3, 373
Let b = 5 - 4. Let j be b + (-8 - -3 - 0). What are the prime factors of (j/1)/2 - -31?
29
Suppose 0 = -2*t + 2*v + 1012, 5*v - 101 - 918 = -2*t. Suppose -6*o - t = -1467. What are the prime factors of o?
2, 5
Let y(m) = -10*m - 7*m**3 + 14*m**3 + 7 - 6*m**3 - 16*m**2. Let p be y(16). List the prime factors of (2 - 3)/(9/p).
17
Let q be 1/(1 - 2) - -7. What are the prime factors of 295/q - 7/42?
7
List the prime factors of -4 + (12 - 6 - 11 - -1651).
2, 821
Let n(w) = -5*w**3 - w**2 + 1. Let t be n(-1). Suppose -t*c + 32 = -h + 99, -4*c = 3*h - 201. List the prime factors of h.
67
Let l(o) = 5*o**2 + 14*o - 6. Let c(v) = -4*v**2 - 14*v + 7. Let d(t) = 4*c(t) + 3*l(t). Let n be (-12 - -6)*(-1 + 2)*2. What are the prime factors of d(n)?
2, 17
Let g(p) = 358*p**2 - 14. What are the prime factors of g(-2)?
2, 709
Let q(i) = 4*i**2 + 6*i - 3. Let w(k) = 2*k**2 + 3*k - 2. Let x(r) = 4*q(r) - 7*w(r). Let s be x(-2). Suppose s*f = f + 81. What are the prime factors of f?
3
Let g(w) = -w**2 - 2*w + 3. Let z be g(-3). Suppose 4*l + z*m - 129 = -5*m, 3*m = -3*l + 93. List the prime factors of l.
2, 13
Let b = 17 - -211. What are the prime factors of b?
2, 3, 19
List the prime factors of (-18)/(7 + -10) + 104.
2, 5, 11
Let u = 45 + -25. Suppose -1 = -4*m + 5*w - 0*w, -4*w = 4. List the prime factors of (-2 - m)/((-10)/u).
2
Let x(t) = 22*t**2 -